pose 15*o - 17*o - 10 = 0, 3*l = -5*o + 18797. What are the prime factors of l?
2, 3137
Suppose 2*h = -236*h + 3503360. What are the prime factors of h?
2, 5, 23
Let y = -8679 - -22368. List the prime factors of y.
3, 13
Let o be ((-24)/5)/((-1)/(-40)). Suppose -101*x + 246 - 1054 = 0. Let s = x - o. List the prime factors of s.
2, 23
Let i(h) = h**2 - h + 11. Let u be i(20). Let o(a) = a**3 - 17*a**2 - 16*a + 20. Let l be o(17). Let q = u + l. What are the prime factors of q?
139
Let a(k) = 99*k**2 + 3*k + 4. Suppose x - 50 = -2*p + 6*x, 2*x + 8 = 0. Let o = -16 + p. What are the prime factors of a(o)?
2, 5
Let n(k) = 13*k**2 + 20*k - 7. Suppose -3*l = -3*b + 30, -3*b + 40 = 3*l - 8*l. List the prime factors of n(l).
2, 109
Suppose -4*d + 5*v + 36775 = 0, -2*d - 214*v + 18377 = -215*v. List the prime factors of d.
5, 11, 167
Let g be 10/(20/(-7))*-7826. Suppose 19*f = -24*f + g. List the prime factors of f.
7, 13
Let n(i) = -153*i**3 + 4*i**2 - 8*i - 8. Let z be n(-5). Suppose -z = -42*a + 21861. List the prime factors of a.
11, 89
Let y(a) = -13*a + 159. Let w(z) = -12*z + 160. Let d(r) = -2*w(r) + 3*y(r). List the prime factors of d(-22).
487
Let j(d) = -796*d + 608. What are the prime factors of j(-2)?
2, 5, 11
List the prime factors of (-372)/(-868) - (159948/(-7))/3.
3, 2539
Suppose t + 2969 = 5*s + 3*t, -t = 5*s - 2967. Let v = s - 379. Let z = 400 - v. List the prime factors of z.
2, 3, 31
Let u(a) = -1131*a - 9824. List the prime factors of u(-19).
5, 2333
Suppose 3*k + 2*n - 85 = -2447, -1558 = 2*k - 2*n. Let t = -243 - k. What are the prime factors of t?
541
Let y = -638 + 2592. Suppose -p = -3*d - 393, -10*p + 4*d + y = -5*p. What are the prime factors of p?
2, 3, 5, 13
Suppose -2*k = 3*k + v - 22, -4*k + 14 = -v. Let y(t) = 323*t**3 - 2*t**2 + 2*t - 1. Let g be y(1). Suppose -g = -k*b - 22. List the prime factors of b.
3, 5
Let f(n) = -3992*n**3 + 5*n**2 + 16*n - 7. List the prime factors of f(-2).
3, 10639
Let i = -161 + 163. What are the prime factors of 4 - (i + 0 - 85)?
3, 29
Suppose 14*g - 15*g = 5*g - 316830. List the prime factors of g.
5, 59, 179
Suppose -4*n = 0, 232*q - 227*q = -5*n + 36895. List the prime factors of q.
47, 157
Let x(n) = n**2 - 20*n - 55. Let i be x(-3). Let m(q) = 125*q + 169. List the prime factors of m(i).
19, 101
List the prime factors of (-3 - (-25671)/9)/(((-4)/6)/(-1)).
2, 2137
Suppose 483*d - 4344475 - 1239488 = 0. List the prime factors of d.
11, 1051
Let g(q) = 16*q**2 - 5*q - 6. Let b be g(-1). Suppose 6*x - 3*x + b = -r, 0 = 3*r - 3*x - 3. What are the prime factors of (-1046)/(-14) - (57/21 + r)?
3, 5
Let z be 8*(1/(16/(-15588)))/(-3). Suppose 0 = -5*w + 5, 2*f + 780 - z = -4*w. What are the prime factors of f?
907
Let c(t) = -5*t + 32 - 4*t + 6*t. Let i be c(0). Let y = i - 22. List the prime factors of y.
2, 5
Let g(x) = 2*x**2 - 12*x. Let d be g(6). Suppose d = -5*z + 29 - 14. Suppose -z*n + 5*o + 604 = 0, n - 4*o + 173 = 2*n. List the prime factors of n.
193
Let o(g) = 2*g - 29. Let u be o(16). Let n be (-2)/u + (-81640)/39. List the prime factors of ((-5)/20)/(n/(-1048) + -2).
131
Let r = -24895 + 35364. Suppose 15*s - r = 556. List the prime factors of s.
3, 5, 7
Suppose 0 = -6*u - 0*u + 480. Suppose -5*f - 3*f + u = 0. Suppose 0 = 3*o - f - 68. List the prime factors of o.
2, 13
Let b(g) = 13 - 17*g - 12 + g**3 - 28 + 27*g**2. List the prime factors of b(-27).
2, 3
Let x(b) = 4*b + 51. Let c be x(-6). Suppose c*h = -3*h + 14820. List the prime factors of h.
2, 13, 19
Let u be 678/((-76)/494 + 62/(-104)). Let w = -54 - u. List the prime factors of w.
2, 5, 17
Let t = 25 + -22. Suppose g - 3*g = -q + 277, -t*q + 4*g = -835. What are the prime factors of q?
281
Let h = -1549 - -3366. Suppose -2*z + 1093 = 3*b, -11*z = 5*b - 10*z - h. What are the prime factors of b?
3, 11
Let z = 339 + -341. List the prime factors of (1312/3)/(-8)*21/z.
2, 7, 41
Let v(p) = 7*p**2 + 7*p + 62. Let r(u) = -23*u**2 - 20*u - 184. Let m(o) = -4*r(o) - 11*v(o). What are the prime factors of m(7)?
2, 3, 5
Suppose a - 43*z = -46*z, 5*z + 14 = 3*a. Suppose 0*g - 5178 = -a*g + 2*n, 1716 = g - 4*n. List the prime factors of g.
2, 3
Suppose 0*g - 5*g - 3*w - 2 = 0, -3*w = -2*g + 16. What are the prime factors of -1 - (-8)/g - (-490 - -2)?
491
Suppose 40 = 21*a - 11*a. What are the prime factors of 5*(-26)/(-5) + a?
2, 3, 5
Let o be (-12)/(-42) + (-64584)/56. Let m = o - -1779. What are the prime factors of m?
2, 313
Let p(o) = o**2 - 8*o + 19. Suppose 10*z + z - 44 = 0. Let l be p(z). Suppose 0 = 2*a - a, -l*m = -5*a - 114. List the prime factors of m.
2, 19
Suppose t - 44 = -40. List the prime factors of 5/t + (-30)/(-8) + 808.
3, 271
Let w(q) = 16*q**2 + 44*q - 2989. What are the prime factors of w(62)?
7, 13, 673
Suppose -2*z - 5*n = z + 19, z - n = 7. Let y(t) = -z + 21 + 16 - 2 + t. List the prime factors of y(-6).
3
Let m(v) = -4*v - 12. Let c be m(-6). Suppose 0 = -9*d + c*d - 9. Suppose -4*n + 163 = -d*t + 4*t, 346 = 2*t + 4*n. List the prime factors of t.
3, 61
Let b(j) = -j**3 + 9*j**2 - 36240. Let s be b(0). What are the prime factors of (-2)/4 - s/96?
13, 29
Let f(a) = a**2 + 2*a + 7. Let t be f(-7). Suppose -5*v = -8*v - t. Let z = 20 + v. List the prime factors of z.
2, 3
List the prime factors of (10 - (2 + -10))/(-2) + 79318 + 3.
2, 4957
Let y(a) = -1038*a + 2218. List the prime factors of y(-10).
2, 6299
Let z = 5550 - 8042. Let t = -1737 - z. What are the prime factors of t?
5, 151
Suppose i - 5*o - 25815 = 0, 3*i - o - 28650 = 48781. What are the prime factors of i?
2, 5, 29, 89
Let r = 60 + 3588. What are the prime factors of r?
2, 3, 19
Let a(d) = d**3 + 60*d**2 + 56*d - 92. What are the prime factors of a(-51)?
7, 37, 79
Let j(s) = 7*s + 7. Let z = -48 + 56. Let n be j(z). Suppose -3*v = -n - 171. What are the prime factors of v?
2, 3, 13
Let l(h) = 124*h + 38. Let r be l(-5). Let a = r + 1308. What are the prime factors of a?
2, 3, 11
Suppose -17*d + 3242 = 3*j - 15*d, -4*d + 3250 = 3*j. Let w = j + -428. What are the prime factors of w?
2, 5, 13
Suppose -11 = -0*f - 3*f + n, 3*f - 3*n = 3. Suppose 2*y - f*u = 76, -2*y + 3 = 3*u - 73. List the prime factors of y.
2, 19
Let d(g) = -33*g**3 + 83*g**2 + 31*g + 2. What are the prime factors of d(-9)?
11, 47, 59
Let f(x) = x**2 + 14*x - 16. Let o(c) = c**2 + 14*c - 17. Let y(n) = 6*f(n) - 4*o(n). List the prime factors of y(-18).
2, 29
Let s(u) = 42*u + 1031. List the prime factors of s(74).
4139
Let y be ((-15)/(-9))/(3/(-9)). Let t(a) = 2*a**2 - 14*a + 110. Let v be t(9). Let c = y + v. List the prime factors of c.
3, 47
Let y be 1/(-3) - 340/(-12). Suppose x + 6*f - 3*f = 1, -x + 4*f - 34 = 0. What are the prime factors of (-1088)/x - (-8)/y?
2, 3, 13
Suppose -2*a - v + 36682 = 0, 5*v = 5*a - 82082 - 9608. Suppose 0 = 26*g - 4748 - a. List the prime factors of g.
2, 3, 37
List the prime factors of 871 + 23/(138/(-36)).
5, 173
Suppose -5132 - 10087 = -2*r + 3*t, -2*r = -5*t - 15209. What are the prime factors of r?
3, 2539
Let z(t) = 349*t**3 + 4*t - 3. Let b be z(2). Suppose 12*j - 3011 = b. What are the prime factors of j?
2, 11
Suppose 4*d + 45569 = o, 187*o - 184*o = -3*d + 136662. List the prime factors of o.
45557
Let x = 25512 - 16334. What are the prime factors of x?
2, 13, 353
Suppose u - 4 = -3*v, -3*u + 10 = 5*v - 2. Let t be 10 - (0 + v)*(-5)/(-5). Suppose 3*j = t*l - 5*l + 323, 3*l + 216 = 2*j. What are the prime factors of j?
3, 37
Let s(d) = -d**2 - 4*d + 6195. What are the prime factors of s(0)?
3, 5, 7, 59
Let m = 25 + -20. Let u be (-384)/80 + (-1)/m. Let s(f) = -16*f + 3. List the prime factors of s(u).
83
Let b(g) be the first derivative of -g**4/4 - 4*g**3/3 - 3*g**2/2 + 13*g - 30. Let m = -29 + 23. What are the prime factors of b(m)?
103
Let q = -96 + 147. Suppose 53 = -r - w, -r + w - q = -0*w. Let u = r - -92. List the prime factors of u.
2, 5
Suppose 66*t - 1522777 = 214079. What are the prime factors of t?
2, 3, 17, 43
Let y(a) = -4*a - 8. Let d(m) = -13*m - 25. Let t(u) = 2*d(u) - 7*y(u). Let h be t(0). Suppose -702 = -h*r + 162. List the prime factors of r.
2, 3
Let k be ((-1)/(-2))/((-5 + 2)/(-60)). Let d be (-1 - 3/1)/(k/(-215)). Suppose 2*p + p = a + 67, -4*p = 2*a - d. What are the prime factors of p?
2, 11
Su